b(k) = 5*k**2 - 10*k - 190. Calculate the remainder when b(-7) is divided by n.
17
Let y = 11348 - 9900. Calculate the remainder when y is divided by 25.
23
Calculate the remainder when 1693 is divided by 568 - (5/10 - 10*(-12)/16).
13
Suppose -2*c + 1 = u + 2*u, -5*u = -4*c + 57. Let p(o) = -2*o + 16. Let d be p(24). Let v = 52 + d. What is the remainder when v is divided by c?
4
Let j(g) = -g**3 + 15*g**2 + 19*g - 51. Let y be j(16). Let h(l) = -5*l + 47. Calculate the remainder when 190 is divided by h(y).
4
Suppose -3*s - h = -94, -3*h + 8*h = -4*s + 129. Let z = 330 - 228. Calculate the remainder when s is divided by (z/(-9))/((-8)/12).
14
Suppose -30 = -17*k + 38. Suppose 0 = -k*v + 59 + 117. Let p(u) = -2*u**3 - 3*u**2 + u - 1. What is the remainder when v is divided by p(-3)?
21
Suppose 6*v = v + 10. Let g = 265 - 242. Suppose -v*c = -3*c + g. Calculate the remainder when 62 is divided by c.
16
What is the remainder when 1661 is divided by (-4976)/(-9) + (-134)/(-1206)?
2
Suppose -4*n - 59 = -a, 3*a - 14 + 5 = 0. Calculate the remainder when ((-16)/n)/2 + 40120/595 is divided by 23.
22
Let o = 59 - 33. Suppose 308 = 2*k + 4*c, -506 = 3*k + 5*c - 968. Calculate the remainder when k is divided by o.
24
Suppose -2*h + 5*g + 3943 = 0, 36*g - 38*g - 7830 = -4*h. What is the remainder when h is divided by 109?
101
Let c be -7 - -11 - (-14)/(-2)*-1. Let x(p) = p**3 - 8*p**2 - 21*p - 29. What is the remainder when x(c) is divided by 28?
19
Suppose 0 = 1419*y - 1399*y - 10080. What is the remainder when y is divided by 103?
92
Let v be 2 - (-96)/(-44) - (-564)/(-44). Let q(n) = n**3 + 15*n**2 + 24*n - 6. Calculate the remainder when 98 is divided by q(v).
18
Suppose v = -2*v + 20*v. Suppose 0 = 5*l - c + 5*c - 10, v = -2*l - 2*c + 2. Calculate the remainder when 6 is divided by l.
0
Suppose 0 = 4*v + 3*l - 154, 0*v - 110 = -3*v - 5*l. Suppose 0 = -9*q + 5 + v. Calculate the remainder when 74 is divided by q.
4
Let q = 72 + -70. Suppose 4*o + m = 5, 0 = -0*o + 2*o + q*m - 10. What is the remainder when 57 is divided by (o - 1/(-2))/((-1)/(-24))?
9
Suppose 3*d + 847*c = 849*c + 68, -d + 44 = -2*c. Let o(s) = -3*s + 2. Calculate the remainder when o(-6) is divided by d.
8
Let g(l) = -2*l**3 - 3*l**2 + 5*l - 1. Let v = 60 + 12. Suppose -4*o - 54 = -2*k, v = 3*k - k + 5*o. Calculate the remainder when g(-4) is divided by k.
28
Let x = -121 - -104. Let f(m) = -m**3 - 16*m**2 + 14*m - 24. Suppose -4*k = 4*o - 5*o + 30, -2*o + 32 = -k. What is the remainder when f(x) is divided by o?
13
Let i be 49 + -6*3/(-6). Suppose 2*s - 89 = 5*n - 10, 5*n + i = s. Let m = 42 - s. What is the remainder when 59 is divided by m?
14
Let x(o) = -5*o - 3. What is the remainder when 32/((220/25 - 6 - 3)*-2) is divided by x(-6)?
26
Let w be 15*(-4)/(-4) + 0. Suppose -24*y + 1123 = -1469. Calculate the remainder when y is divided by (0 + 10)*42/w.
24
Let o(k) = -714*k + 10825. What is the remainder when o(13) is divided by 8?
7
Suppose 2*n + 17 = -2*w + 89, 0 = 3*w - 3*n - 90. Let r be (-3)/12 + w/4. Suppose r*m = 3*m + 710. Calculate the remainder when m is divided by 29.
26
Suppose -269 = 3*a + 1687. Let d = a + 664. Let v = 69 - 24. Calculate the remainder when v is divided by d.
9
Calculate the remainder when 632 is divided by (954/(-15))/((-198)/495).
155
Suppose -1203 = 10*n + 1957. Let b = n + 356. Calculate the remainder when 51 is divided by b.
11
Suppose 5580 = -221*a + 118*a + 196*a. Suppose 5*g + 28 = l, 0*l + 2*g = -2*l + 56. Calculate the remainder when a is divided by l.
4
Let q = 24185 - 24145. Calculate the remainder when 999 is divided by q.
39
Let g(d) = -d**3 + 3*d**2 + 3*d - 2. Let c(i) = -i + 8. Let z be c(5). Suppose 0 = 247*p + 5512 - 7982. Calculate the remainder when p is divided by g(z).
3
Suppose -22*p + 103 = 3*r - 17*p, p + 21 = r. Calculate the remainder when 56 is divided by r.
4
Let p be 30/(-26) - (4 + 216/(-52)). What is the remainder when (-238)/(-4)*(p - -3)*3 is divided by 30?
27
Suppose 4*l + 2 = 3*y - 1, 4*y = 2*l + 14. Suppose -1 = l*q - 37. Let s(x) = 37*x**3 - 2*x**2 + x - 1. What is the remainder when s(1) is divided by q?
11
Let l(h) = -9*h - 11. Suppose d + 4*v + 20 = 0, -4*d = -0*v + 2*v + 80. Let p be d/(-6)*12/(-5). Calculate the remainder when l(p) is divided by 13.
9
Suppose -2*y = 2*x - 194, 0*y - 4*x = -2*y + 170. Suppose -5*j + y = 3*w, 3*w = j + 4*j + 123. What is the remainder when w is divided by 228/8*18/27?
17
Let j = 0 + 6. Suppose 2*f - 20 = j. Let w = -78886 + 78910. Calculate the remainder when w is divided by f.
11
Suppose 8 - 138 = -13*o. Let f(i) = i**3 - 9*i**2 - 2*i - 36. What is the remainder when f(o) is divided by 2?
0
Let h = 37 + -43. What is the remainder when (h + 12)*22/4 is divided by -1 + 0 + (-33)/(-12)*4?
3
Suppose 2*j + q - 697 = 0, -3*j = 2*q - 480 - 565. Suppose s = -c + 233 - 71, j = 2*s - 3*c. What is the remainder when s is divided by 56?
55
Let c = -4239 - -4252. Let m = 16 - -12. Suppose -4*n = 3*g - 21, -n = 4*g + n - m. Calculate the remainder when c is divided by g.
6
Let c = -140 - -57. Let q = c - -141. Let o = -36 + q. What is the remainder when o is divided by 9?
4
Let u = -220 + 225. Suppose -m + 5*m + 2*a - 72 = 0, -a - 90 = -u*m. Suppose -j = -5*p + 25, -p = -6*j + j + 19. What is the remainder when m is divided by p?
0
Let g = -12929 + 12993. Calculate the remainder when g is divided by 49.
15
Suppose 7*f = 2*f + 450. Let p be 3*(-6)/(f/(-35)). Suppose 3*a - 33 = -3*o, -p = 3*a - 2*o - 3*o. Calculate the remainder when 15 is divided by a.
3
Suppose 0 = 3*k - 2*v - 32, 40 = 5*k - 5*v - 15. Suppose 0 = b - 3*i - 44, 0*i - 52 = -2*b - 3*i. What is the remainder when b is divided by k?
2
Suppose -3*l - 32*l + 12160 = 3*l. Calculate the remainder when 350 is divided by l.
30
Let d = 2346 - 2191. What is the remainder when 4182 is divided by d?
152
Suppose -1079*s - 18 = -1085*s. What is the remainder when 57 is divided by s?
0
Let y = 13230 + -13205. Calculate the remainder when 862 is divided by y.
12
Suppose -2*r + 3*x - 510 = -2412, -5*r = 3*x - 4797. Calculate the remainder when r is divided by 330.
297
Let o(l) = -3*l**3 + 2*l**2 + 27*l + 45. Calculate the remainder when 56 is divided by o(-2).
10
Suppose 4*c + 16*c - 1100 = 0. What is the remainder when 1042 is divided by c?
52
Suppose 3*n - 8*n - a = -40, 5*n + 3*a = 50. Suppose n*k - 224 = -0*k. What is the remainder when 126 is divided by k?
30
Let d(s) = -33*s - 51. Let y be (7 - 1) + 24 + -32. Calculate the remainder when d(y) is divided by 11.
4
Suppose -63*p + 417*p + 35*p = 462910. Calculate the remainder when 2382 is divided by p.
2
Let v(z) = 5*z - 4. Let o be v(3). Let s(l) = 5*l + 10. Let u be s(o). Let f = u + -23. What is the remainder when f is divided by 11?
9
Let x = 157 - -46. Let g(i) = -i**3 - 21*i**2 - 42*i - 7. What is the remainder when x is divided by g(-19)?
65
Suppose -4*g - 4*f = -68, 4 = -4*f - 16. What is the remainder when 105*1 + 3 - (7 - 8) is divided by g?
21
Suppose 43 = 10*q - 57. Suppose 42 = 2*f - 4*m, q*m - 9*m = -f + 9. Calculate the remainder when 154 is divided by f.
11
Let f(q) = -q + 26. Suppose 0 = -4*z + 5*g + 23, -7*z + 3*z = 3*g + 1. What is the remainder when 335 is divided by f(z)?
23
Let i = -301 + 304. Suppose i*a + 170 = 5*k, -3*a + a = -4*k + 138. Calculate the remainder when 177 is divided by k.
29
Let j(u) = u**2 + u - 4. Let z(a) = -34*a - 435. What is the remainder when j(5) is divided by z(-13)?
5
Let j(m) = 50*m**2 - 26*m + 51. What is the remainder when 810 is divided by j(2)?
14
Let t = -1613 - -1944. Calculate the remainder when t is divided by 112.
107
Let h be (-360)/15*(5/4)/(-1). Calculate the remainder when (-2)/(-8) + -398*h/(-48) is divided by 42.
39
Suppose -20*j - 15*j - 1385 + 2155 = 0. Calculate the remainder when 32 is divided by j.
10
Let z = 10034 - 10027. Suppose 0 = -2*c - 3*c + 310. What is the remainder when (-2)/((-4)/c)*1 is divided by z?
3
Let c(p) = 6*p**2 + 56*p - 17. Calculate the remainder when c(-13) is divided by (3/4)/((-2)/(-72)).
26
Let c(n) = -n**2 + 5*n + 2. Let r be c(3). Suppose r*s = 1289 + 167. Suppose 6*p + 2 = s. What is the remainder when 119 is divided by p?
29
Suppose 78*r + 1283 = 14153. Let d(l) = l**2 + 6*l + 8. Wha